vided by 1468?
123
What is the remainder when 21492 is divided by 4293?
27
Calculate the remainder when 701 is divided by 342.
17
Calculate the remainder when 1731 is divided by 264.
147
What is the remainder when 9190 is divided by 416?
38
What is the remainder when 308936 is divided by 8?
0
What is the remainder when 14617 is divided by 183?
160
Calculate the remainder when 15034 is divided by 373.
114
Calculate the remainder when 1143 is divided by 223.
28
Calculate the remainder when 22371 is divided by 10984.
403
Calculate the remainder when 48910 is divided by 526.
518
What is the remainder when 13749 is divided by 181?
174
What is the remainder when 1399147 is divided by 2838?
13
What is the remainder when 12375 is divided by 6156?
63
What is the remainder when 33300 is divided by 105?
15
What is the remainder when 1407 is divided by 107?
16
What is the remainder when 28930 is divided by 14324?
282
What is the remainder when 5162 is divided by 35?
17
Calculate the remainder when 8175 is divided by 314.
11
Calculate the remainder when 2059774 is divided by 1753.
1752
Calculate the remainder when 35774 is divided by 169.
115
What is the remainder when 35017 is divided by 11594?
235
Calculate the remainder when 37118 is divided by 1952.
30
What is the remainder when 62574 is divided by 20813?
135
Calculate the remainder when 109687 is divided by 27415.
27
Calculate the remainder when 662 is divided by 337.
325
Calculate the remainder when 1578313 is divided by 2698.
2681
What is the remainder when 109946 is divided by 131?
37
What is the remainder when 10494 is divided by 1928?
854
What is the remainder when 28153 is divided by 1052?
801
Calculate the remainder when 624 is divided by 92.
72
What is the remainder when 1252 is divided by 237?
67
What is the remainder when 6404 is divided by 1994?
422
What is the remainder when 2702 is divided by 16?
14
What is the remainder when 21921 is divided by 2191?
11
Calculate the remainder when 13067 is divided by 147.
131
Calculate the remainder when 25256 is divided by 1942.
10
Calculate the remainder when 214086 is divided by 107002.
82
Calculate the remainder when 168862 is divided by 37.
31
What is the remainder when 860 is divided by 225?
185
What is the remainder when 36548 is divided by 12179?
11
What is the remainder when 93959 is divided by 676?
671
What is the remainder when 73653 is divided by 12?
9
What is the remainder when 23050 is divided by 1358?
1322
What is the remainder when 20451 is divided by 381?
258
What is the remainder when 21613 is divided by 87?
37
Calculate the remainder when 3591 is divided by 1186.
33
What is the remainder when 37759 is divided by 257?
237
Calculate the remainder when 4945 is divided by 496.
481
Calculate the remainder when 2958227 is divided by 702.
701
What is the remainder when 754 is divided by 227?
73
What is the remainder when 16641 is divided by 16632?
9
Calculate the remainder when 807 is divided by 186.
63
Calculate the remainder when 830 is divided by 413.
4
What is the remainder when 5141 is divided by 2567?
7
What is the remainder when 3066 is divided by 206?
182
Calculate the remainder when 3951 is divided by 278.
59
Calculate the remainder when 2477 is divided by 2370.
107
Calculate the remainder when 82 is divided by 70.
12
What is the remainder when 105394 is divided by 576?
562
Calculate the remainder when 3619 is divided by 591.
73
What is the remainder when 99986 is divided by 14?
12
What is the remainder when 689 is divided by 79?
57
What is the remainder when 596342 is divided by 23?
21
What is the remainder when 7026 is divided by 3179?
668
Calculate the remainder when 121012 is divided by 32.
20
What is the remainder when 3355 is divided by 3338?
17
Calculate the remainder when 289951 is divided by 292.
287
What is the remainder when 105089 is divided by 26?
23
Calculate the remainder when 2620 is divided by 496.
140
Calculate the remainder when 15080 is divided by 7536.
8
Calculate the remainder when 9899 is divided by 479.
319
What is the remainder when 8763 is divided by 2140?
203
What is the remainder when 2589 is divided by 133?
62
Calculate the remainder when 128548 is divided by 106.
76
What is the remainder when 199 is divided by 190?
9
Calculate the remainder when 2654 is divided by 599.
258
What is the remainder when 104136 is divided by 29?
26
What is the remainder when 3555 is divided by 136?
19
What is the remainder when 3875 is divided by 246?
185
Calculate the remainder when 1199 is divided by 645.
554
Calculate the remainder when 270426 is divided by 20799.
39
What is the remainder when 35786 is divided by 1233?
29
What is the remainder when 3870787 is divided by 14?
11
Calculate the remainder when 1304 is divided by 75.
29
Calculate the remainder when 8516 is divided by 166.
50
Calculate the remainder when 508 is divided by 129.
121
Calculate the remainder when 38627 is divided by 304.
19
Calculate the remainder when 162861 is divided by 26.
23
What is the remainder when 140506 is divided by 35126?
2
Calculate the remainder when 10365 is divided by 52.
17
What is the remainder when 233095 is divided by 77695?
10
What is the remainder when 146697 is divided by 12?
9
What is the remainder when 281510 is divided by 80?
70
Calculate the remainder when 1045198 is divided by 75.
73
Calculate the remainder when 269 is divided by 89.
2
Calculate the remainder when 385244 is divided by 105.
104
What is the remainder when 60418 is divided by 28?
22
What is the remainder when 3747 is divided by 41?
16
What is the remainder when 82793 is divided by 27592?
17
What is the remainder when 90716 is divided by 33?
32
What is the remainder when 2342100 is divided by 17?
10
Calculate the remainder when 19486 is divided by 73.
68
What is the remainder when 352680 is divided by 268?
260
What is the remainder when 13076 is divided by 4012?
1040
What is the remainder when 16502 is divided by 17?
12
What is the remainder when 9075 is divided by 3021?
12
Calculate the remainder when 40277 is divided by 144.
101
Calculate the remainder when 227381 is divided by 465.
461
Calculate the remainder when 3939 is divided by 1185.
384
Calculate the remainder when 3860 is divided by 129.
119
Calculate the remainder when 16819 is divided by 359.
305
What is the remainder when 379 is divided by 365?
14
What is the remainder when 568243 is divided by 645?
643
Calculate the remainder when 20746 is divided by 1380.
46
Calculate the remainder when 685 is divided by 96.
13
What is the remainder when 56525 is divided by 14114?
69
What is the remainder when 47157 is divided by 42?
33
What is the remainder when 6713 is divided by 28?
21
Calculate the remainder when 1304 is divided by 325.
4
What is the remainder when 149694 is divided by 26?
12
Calculate the remainder when 5730 is divided by 2784.
162
What is the remainder when 1625 is divided by 1618?
7
Calculate the remainder when 250440 is divided by 41.
12
What is the remainder when 2185 is divided by 877?
431
What is the remainder when 2695 is divided by 31?
29
Calculate the remainder when 55507 is divided by 2523.
1
What is the remainder when 82434 is divided by 1720?
1594
Calculate the remainder when 365652 is divided by 73126.
22
Calculate the remainder when 152277 is divided by 1238.
3
What is the remainder when 2446 is divided by 513?
394
Calculate the remainder when 39156 is divided by 583.
95
What is the remainder when 269500 is divided by 1925?
0
Calculate the remainder when 3642 is divided by 1810.
22
Calculate the remainder when 250632 is divided by 1085.
1082
Calculate the remainder when 12037 is divided by 83.
2
Calculate the remainder when 33194 is divided by 527.
520
What is the remainder when 17701 is divided by 21?
19
Calculate the remainder when 60064 is divided by 41.
40
What is the remainder when 256659 is divided by 378?
375
Calculate the remainder when 1243 is divided by 71.
36
Calculate the remainder when 17401 is divided by 5789.
34
Calculate the remainder when 9899 is divided by 12.
11
Calculate the remainder when 371909 is divided by 23.
22
Calculate the remainder when 6188 is divided by 2.
0
What is the remainder when 3654295 is divided by 781?
777
Calculate the remainder w